{"id":729,"date":"2023-10-02T20:14:30","date_gmt":"2023-10-02T20:14:30","guid":{"rendered":"https:\/\/esvb-tt.fr\/?page_id=729"},"modified":"2023-10-02T20:40:18","modified_gmt":"2023-10-02T20:40:18","slug":"tournois-de-secteur-jeunes","status":"publish","type":"page","link":"https:\/\/esvb-tt.fr\/?page_id=729","title":{"rendered":"Tournois de secteur Jeunes"},"content":{"rendered":"\n<div class=\"wp-block-media-text is-stacked-on-mobile\" style=\"grid-template-columns:57% auto\"><figure class=\"wp-block-media-text__media\"><img fetchpriority=\"high\" decoding=\"async\" width=\"724\" height=\"1024\" src=\"https:\/\/esvb-tt.fr\/wp-content\/uploads\/2023\/10\/affiche-Tournois-de-secteur-724x1024.jpg\" alt=\"\" class=\"wp-image-758 size-full\" srcset=\"https:\/\/esvb-tt.fr\/wp-content\/uploads\/2023\/10\/affiche-Tournois-de-secteur-724x1024.jpg 724w, https:\/\/esvb-tt.fr\/wp-content\/uploads\/2023\/10\/affiche-Tournois-de-secteur-212x300.jpg 212w, https:\/\/esvb-tt.fr\/wp-content\/uploads\/2023\/10\/affiche-Tournois-de-secteur-768x1086.jpg 768w, https:\/\/esvb-tt.fr\/wp-content\/uploads\/2023\/10\/affiche-Tournois-de-secteur-1087x1536.jpg 1087w, https:\/\/esvb-tt.fr\/wp-content\/uploads\/2023\/10\/affiche-Tournois-de-secteur-1449x2048.jpg 1449w, https:\/\/esvb-tt.fr\/wp-content\/uploads\/2023\/10\/affiche-Tournois-de-secteur.jpg 1755w\" sizes=\"(max-width: 724px) 100vw, 724px\" \/><\/figure><div class=\"wp-block-media-text__content\">\n<p>Les Tournois de secteurs sont des comp\u00e9titions individuelles. <\/p>\n\n\n\n<p>Les tournois sont organis\u00e9s g\u00e9ographiquement pour \u00eatre accessibles \u00e0 tous.<\/p>\n\n\n\n<p>Il faut s&rsquo;inscrire et respecter son engagement de participation. <\/p>\n\n\n\n<p>Pour s&rsquo;inscrire, <a href=\"mailto:esvbtt@gmail.com\">esvbtt@gmail.com<\/a> ou <a href=\"mailto:president@esvb-tt.fr\">president@esvb-tt.fr<\/a><\/p>\n<\/div><\/div>\n","protected":false},"excerpt":{"rendered":"<p>Les Tournois de secteurs sont des comp\u00e9titions individuelles. Les tournois sont organis\u00e9s g\u00e9ographiquement pour \u00eatre accessibles \u00e0 tous. Il faut s&rsquo;inscrire et respecter son engagement de participation. Pour s&rsquo;inscrire, esvbtt@gmail.com ou president@esvb-tt.fr<\/p>\n","protected":false},"author":1,"featured_media":0,"parent":0,"menu_order":0,"comment_status":"closed","ping_status":"closed","template":"","meta":{"om_disable_all_campaigns":false,"_monsterinsights_skip_tracking":false,"_monsterinsights_sitenote_active":false,"_monsterinsights_sitenote_note":"","_monsterinsights_sitenote_category":0,"footnotes":""},"class_list":["post-729","page","type-page","status-publish","hentry"],"aioseo_notices":[],"_links":{"self":[{"href":"https:\/\/esvb-tt.fr\/index.php?rest_route=\/wp\/v2\/pages\/729","targetHints":{"allow":["GET"]}}],"collection":[{"href":"https:\/\/esvb-tt.fr\/index.php?rest_route=\/wp\/v2\/pages"}],"about":[{"href":"https:\/\/esvb-tt.fr\/index.php?rest_route=\/wp\/v2\/types\/page"}],"author":[{"embeddable":true,"href":"https:\/\/esvb-tt.fr\/index.php?rest_route=\/wp\/v2\/users\/1"}],"replies":[{"embeddable":true,"href":"https:\/\/esvb-tt.fr\/index.php?rest_route=%2Fwp%2Fv2%2Fcomments&post=729"}],"version-history":[{"count":3,"href":"https:\/\/esvb-tt.fr\/index.php?rest_route=\/wp\/v2\/pages\/729\/revisions"}],"predecessor-version":[{"id":760,"href":"https:\/\/esvb-tt.fr\/index.php?rest_route=\/wp\/v2\/pages\/729\/revisions\/760"}],"wp:attachment":[{"href":"https:\/\/esvb-tt.fr\/index.php?rest_route=%2Fwp%2Fv2%2Fmedia&parent=729"}],"curies":[{"name":"wp","href":"https:\/\/api.w.org\/{rel}","templated":true}]}}