{"id":416,"date":"2022-08-19T13:54:33","date_gmt":"2022-08-19T13:54:33","guid":{"rendered":"https:\/\/esvb-tt.fr\/?page_id=416"},"modified":"2023-08-24T22:01:12","modified_gmt":"2023-08-24T22:01:12","slug":"nous-contacter","status":"publish","type":"page","link":"https:\/\/esvb-tt.fr\/?page_id=416","title":{"rendered":"Nous contacter"},"content":{"rendered":"\n<p>Vous pouvez nous contacter directement en utilisant les coordonn\u00e9es suivantes. <\/p>\n\n\n\n<hr class=\"wp-block-separator has-alpha-channel-opacity is-style-wide\"\/>\n\n\n\n<ul class=\"wp-block-list\">\n<li><strong>ESVB Tennis de Table Baun\u00e9 &#8211; Loire-Authion<\/strong>\n<ul class=\"wp-block-list\">\n<li><mark style=\"background-color:rgba(0, 0, 0, 0)\" class=\"has-inline-color has-vivid-red-color\">esvbtt@gmail-com<\/mark><\/li>\n\n\n\n<li><mark style=\"background-color:rgba(0, 0, 0, 0)\" class=\"has-inline-color has-vivid-red-color\">president@esvb-tt.fr<\/mark><\/li>\n\n\n\n<li><strong>Mob. :<\/strong> 06-15-16-09-30 &#8211; <strong>Vincent Boss\u00e9<\/strong><\/li>\n<\/ul>\n<\/li>\n<\/ul>\n\n\n\n<hr class=\"wp-block-separator has-alpha-channel-opacity\"\/>\n\n\n\n<p>Vous pouvez aussi nous rencontrer \u00e0 la salle des sports de Baun\u00e9, pendant les entra\u00eenements : <\/p>\n\n\n\n<p class=\"has-text-align-center\"><mark style=\"background-color:rgba(0, 0, 0, 0)\" class=\"has-inline-color has-vivid-red-color\"><strong>Mercredi soir, entre 18h et 21h<\/strong><\/mark> <br><mark style=\"background-color:rgba(0, 0, 0, 0)\" class=\"has-inline-color has-vivid-red-color\"><strong>Vendredi soir, entre 18h45 et 22h30<\/strong><\/mark><\/p>\n\n\n\n<div class=\"wp-block-group\"><div class=\"wp-block-group__inner-container is-layout-constrained wp-block-group-is-layout-constrained\">\n<hr class=\"wp-block-separator has-alpha-channel-opacity\"\/>\n<\/div><\/div>\n","protected":false},"excerpt":{"rendered":"<p>Vous pouvez nous contacter directement en utilisant les coordonn\u00e9es suivantes. Vous pouvez aussi nous rencontrer \u00e0 la salle des sports de Baun\u00e9, pendant les entra\u00eenements : Mercredi soir, entre 18h et 21h Vendredi soir, entre 18h45 et 22h30<\/p>\n","protected":false},"author":1,"featured_media":0,"parent":0,"menu_order":0,"comment_status":"closed","ping_status":"closed","template":"","meta":{"om_disable_all_campaigns":false,"_monsterinsights_skip_tracking":false,"_monsterinsights_sitenote_active":false,"_monsterinsights_sitenote_note":"","_monsterinsights_sitenote_category":0,"footnotes":""},"class_list":["post-416","page","type-page","status-publish","hentry"],"aioseo_notices":[],"_links":{"self":[{"href":"https:\/\/esvb-tt.fr\/index.php?rest_route=\/wp\/v2\/pages\/416","targetHints":{"allow":["GET"]}}],"collection":[{"href":"https:\/\/esvb-tt.fr\/index.php?rest_route=\/wp\/v2\/pages"}],"about":[{"href":"https:\/\/esvb-tt.fr\/index.php?rest_route=\/wp\/v2\/types\/page"}],"author":[{"embeddable":true,"href":"https:\/\/esvb-tt.fr\/index.php?rest_route=\/wp\/v2\/users\/1"}],"replies":[{"embeddable":true,"href":"https:\/\/esvb-tt.fr\/index.php?rest_route=%2Fwp%2Fv2%2Fcomments&post=416"}],"version-history":[{"count":10,"href":"https:\/\/esvb-tt.fr\/index.php?rest_route=\/wp\/v2\/pages\/416\/revisions"}],"predecessor-version":[{"id":668,"href":"https:\/\/esvb-tt.fr\/index.php?rest_route=\/wp\/v2\/pages\/416\/revisions\/668"}],"wp:attachment":[{"href":"https:\/\/esvb-tt.fr\/index.php?rest_route=%2Fwp%2Fv2%2Fmedia&parent=416"}],"curies":[{"name":"wp","href":"https:\/\/api.w.org\/{rel}","templated":true}]}}