{"id":377,"date":"2022-08-19T13:21:51","date_gmt":"2022-08-19T13:21:51","guid":{"rendered":"https:\/\/esvb-tt.fr\/?page_id=377"},"modified":"2022-08-19T22:15:40","modified_gmt":"2022-08-19T22:15:40","slug":"inscriptions","status":"publish","type":"page","link":"https:\/\/esvb-tt.fr\/?page_id=377","title":{"rendered":"Inscriptions"},"content":{"rendered":"\n<p><\/p>\n\n\n\n<div class=\"wp-block-media-text alignwide is-stacked-on-mobile has-black-color has-text-color has-background\" style=\"background:radial-gradient(rgb(254,205,165) 0%,rgb(254,45,45) 50%,rgb(107,0,62) 100%);grid-template-columns:40% auto\"><figure class=\"wp-block-media-text__media\"><img fetchpriority=\"high\" decoding=\"async\" width=\"640\" height=\"640\" src=\"https:\/\/esvb-tt.fr\/wp-content\/uploads\/2022\/08\/formulaire-inscription.jpg\" alt=\"\" class=\"wp-image-518 size-full\" srcset=\"https:\/\/esvb-tt.fr\/wp-content\/uploads\/2022\/08\/formulaire-inscription.jpg 640w, https:\/\/esvb-tt.fr\/wp-content\/uploads\/2022\/08\/formulaire-inscription-300x300.jpg 300w, https:\/\/esvb-tt.fr\/wp-content\/uploads\/2022\/08\/formulaire-inscription-150x150.jpg 150w\" sizes=\"(max-width: 640px) 100vw, 640px\" \/><\/figure><div class=\"wp-block-media-text__content\">\n<p class=\"has-black-color has-text-color\"><strong>Toute 1\u00e8re inscription \u00e0 l&rsquo;E.S.V.B Tennis de table<\/strong> n\u00e9cessite de<br>&#8211; compl\u00e9ter et signer un bordereau de licence<br>&#8211; fournir un certificat m\u00e9dical<\/p>\n\n\n\n<p><\/p>\n\n\n\n<p class=\"has-black-color has-text-color\"><br><strong>Toute r\u00e9inscription<\/strong> pour la saison suivante n\u00e9cessite de <br>&#8211; compl\u00e9ter et signer le bordereau de licence<br>&#8211; fournir un certificat m\u00e9dical          <strong>OU<\/strong><br>&#8211; compl\u00e9ter et signer le questionnaire m\u00e9dical<br><\/p>\n<\/div><\/div>\n","protected":false},"excerpt":{"rendered":"<p>Toute 1\u00e8re inscription \u00e0 l&rsquo;E.S.V.B Tennis de table n\u00e9cessite de&#8211; compl\u00e9ter et signer un bordereau de licence&#8211; fournir un certificat m\u00e9dical Toute r\u00e9inscription pour la saison suivante n\u00e9cessite de &#8211; compl\u00e9ter et signer le bordereau de licence&#8211; fournir un certificat m\u00e9dical OU&#8211; compl\u00e9ter et signer le questionnaire m\u00e9dical<\/p>\n","protected":false},"author":1,"featured_media":0,"parent":0,"menu_order":0,"comment_status":"closed","ping_status":"closed","template":"","meta":{"om_disable_all_campaigns":false,"_monsterinsights_skip_tracking":false,"_monsterinsights_sitenote_active":false,"_monsterinsights_sitenote_note":"","_monsterinsights_sitenote_category":0,"footnotes":""},"class_list":["post-377","page","type-page","status-publish","hentry"],"aioseo_notices":[],"_links":{"self":[{"href":"https:\/\/esvb-tt.fr\/index.php?rest_route=\/wp\/v2\/pages\/377","targetHints":{"allow":["GET"]}}],"collection":[{"href":"https:\/\/esvb-tt.fr\/index.php?rest_route=\/wp\/v2\/pages"}],"about":[{"href":"https:\/\/esvb-tt.fr\/index.php?rest_route=\/wp\/v2\/types\/page"}],"author":[{"embeddable":true,"href":"https:\/\/esvb-tt.fr\/index.php?rest_route=\/wp\/v2\/users\/1"}],"replies":[{"embeddable":true,"href":"https:\/\/esvb-tt.fr\/index.php?rest_route=%2Fwp%2Fv2%2Fcomments&post=377"}],"version-history":[{"count":10,"href":"https:\/\/esvb-tt.fr\/index.php?rest_route=\/wp\/v2\/pages\/377\/revisions"}],"predecessor-version":[{"id":520,"href":"https:\/\/esvb-tt.fr\/index.php?rest_route=\/wp\/v2\/pages\/377\/revisions\/520"}],"wp:attachment":[{"href":"https:\/\/esvb-tt.fr\/index.php?rest_route=%2Fwp%2Fv2%2Fmedia&parent=377"}],"curies":[{"name":"wp","href":"https:\/\/api.w.org\/{rel}","templated":true}]}}